{"id":151,"date":"2021-09-28T21:53:36","date_gmt":"2021-09-28T21:53:36","guid":{"rendered":"http:\/\/localhost\/wordpress\/?page_id=151"},"modified":"2025-08-01T20:42:34","modified_gmt":"2025-08-02T00:42:34","slug":"inicio","status":"publish","type":"page","link":"https:\/\/glfdb.org\/","title":{"rendered":"INICIO"},"content":{"rendered":"\t\t<div data-elementor-type=\"wp-page\" data-elementor-id=\"151\" class=\"elementor elementor-151\">\n\t\t\t\t\t\t<section class=\"elementor-section elementor-top-section elementor-element elementor-element-c53be6a elementor-section-height-min-height elementor-section-items-stretch elementor-section-stretched animated-slow elementor-section-boxed elementor-section-height-default elementor-invisible\" data-id=\"c53be6a\" data-element_type=\"section\" data-settings=\"{&quot;stretch_section&quot;:&quot;section-stretched&quot;,&quot;background_background&quot;:&quot;slideshow&quot;,&quot;background_slideshow_gallery&quot;:[{&quot;id&quot;:336,&quot;url&quot;:&quot;https:\\\/\\\/glfdb.org\\\/wp-content\\\/uploads\\\/2021\\\/10\\\/Slide1.png&quot;},{&quot;id&quot;:333,&quot;url&quot;:&quot;https:\\\/\\\/glfdb.org\\\/wp-content\\\/uploads\\\/2021\\\/10\\\/power.png&quot;},{&quot;id&quot;:337,&quot;url&quot;:&quot;https:\\\/\\\/glfdb.org\\\/wp-content\\\/uploads\\\/2021\\\/10\\\/Slide2.png&quot;},{&quot;id&quot;:335,&quot;url&quot;:&quot;https:\\\/\\\/glfdb.org\\\/wp-content\\\/uploads\\\/2021\\\/10\\\/fotos-inicio.png&quot;}],&quot;background_slideshow_ken_burns&quot;:&quot;yes&quot;,&quot;animation&quot;:&quot;zoomIn&quot;,&quot;background_slideshow_loop&quot;:&quot;yes&quot;,&quot;background_slideshow_slide_duration&quot;:5000,&quot;background_slideshow_slide_transition&quot;:&quot;fade&quot;,&quot;background_slideshow_transition_duration&quot;:500,&quot;background_slideshow_ken_burns_zoom_direction&quot;:&quot;in&quot;}\">\n\t\t\t\t\t\t\t<div class=\"elementor-background-overlay\"><\/div>\n\t\t\t\t\t\t\t<div class=\"elementor-container elementor-column-gap-default\">\n\t\t\t\t\t<div class=\"elementor-column elementor-col-100 elementor-top-column elementor-element elementor-element-e7a8dc4\" data-id=\"e7a8dc4\" data-element_type=\"column\" data-settings=\"{&quot;background_background&quot;:&quot;slideshow&quot;,&quot;background_slideshow_gallery&quot;:[],&quot;background_slideshow_loop&quot;:&quot;yes&quot;,&quot;background_slideshow_slide_duration&quot;:5000,&quot;background_slideshow_slide_transition&quot;:&quot;fade&quot;,&quot;background_slideshow_transition_duration&quot;:500}\">\n\t\t\t<div class=\"elementor-widget-wrap\">\n\t\t\t\t\t\t\t<\/div>\n\t\t<\/div>\n\t\t\t\t\t<\/div>\n\t\t<\/section>\n\t\t\t\t<section class=\"elementor-section elementor-top-section elementor-element elementor-element-61568f9 elementor-section-boxed elementor-section-height-default elementor-section-height-default\" data-id=\"61568f9\" data-element_type=\"section\">\n\t\t\t\t\t\t<div class=\"elementor-container elementor-column-gap-default\">\n\t\t\t\t\t<div class=\"elementor-column elementor-col-100 elementor-top-column elementor-element elementor-element-6ecdf7d\" data-id=\"6ecdf7d\" data-element_type=\"column\">\n\t\t\t<div class=\"elementor-widget-wrap elementor-element-populated\">\n\t\t\t\t\t\t<div class=\"elementor-element elementor-element-d2dac3b elementor-widget elementor-widget-spacer\" data-id=\"d2dac3b\" data-element_type=\"widget\" data-widget_type=\"spacer.default\">\n\t\t\t\t<div class=\"elementor-widget-container\">\n\t\t\t\t\t\t\t<div class=\"elementor-spacer\">\n\t\t\t<div class=\"elementor-spacer-inner\"><\/div>\n\t\t<\/div>\n\t\t\t\t\t\t<\/div>\n\t\t\t\t<\/div>\n\t\t\t\t\t<\/div>\n\t\t<\/div>\n\t\t\t\t\t<\/div>\n\t\t<\/section>\n\t\t\t\t<section class=\"elementor-section elementor-top-section elementor-element elementor-element-915fbd4 elementor-section-boxed elementor-section-height-default elementor-section-height-default\" data-id=\"915fbd4\" data-element_type=\"section\">\n\t\t\t\t\t\t<div class=\"elementor-container elementor-column-gap-default\">\n\t\t\t\t\t<div class=\"elementor-column elementor-col-100 elementor-top-column elementor-element elementor-element-04c891f\" data-id=\"04c891f\" data-element_type=\"column\">\n\t\t\t<div class=\"elementor-widget-wrap elementor-element-populated\">\n\t\t\t\t\t\t<div class=\"elementor-element elementor-element-15c0073 elementor-widget elementor-widget-text-editor\" data-id=\"15c0073\" data-element_type=\"widget\" data-widget_type=\"text-editor.default\">\n\t\t\t\t<div class=\"elementor-widget-container\">\n\t\t\t\t\t\t\t\t\t<p><em><span style=\"color: #000000;\">La Gran Logia Femenina de Bolivia es una instituci\u00f3n:<\/span><\/em><\/p><p><em><span style=\"color: #000000;\">&nbsp;Universal, inici\u00e1tica, Filos\u00f3fica, Filantr\u00f3pica.<\/span><\/em><\/p>\t\t\t\t\t\t\t\t<\/div>\n\t\t\t\t<\/div>\n\t\t\t\t\t<\/div>\n\t\t<\/div>\n\t\t\t\t\t<\/div>\n\t\t<\/section>\n\t\t\t\t<section class=\"elementor-section elementor-top-section elementor-element elementor-element-3d7e790 elementor-section-full_width elementor-section-height-default elementor-section-height-default\" data-id=\"3d7e790\" data-element_type=\"section\">\n\t\t\t\t\t\t<div class=\"elementor-container elementor-column-gap-default\">\n\t\t\t\t\t<div class=\"elementor-column elementor-col-100 elementor-top-column elementor-element elementor-element-eef7a73\" data-id=\"eef7a73\" data-element_type=\"column\">\n\t\t\t<div class=\"elementor-widget-wrap elementor-element-populated\">\n\t\t\t\t\t\t<div class=\"elementor-element elementor-element-cfbe103 elementor-widget elementor-widget-text-editor\" data-id=\"cfbe103\" data-element_type=\"widget\" data-widget_type=\"text-editor.default\">\n\t\t\t\t<div class=\"elementor-widget-container\">\n\t\t\t\t\t\t\t\t\t<p style=\"text-align: center;\"><em><span style=\"color: #000000;\">Los pilares sobre los que se levanta son:<\/span><\/em><em><span style=\"color: #000000;\"><span style=\"color: #000000;\">\u00a0<\/span><\/span><\/em><\/p><p style=\"text-align: center;\"><em style=\"background-color: transparent; color: var( --e-global-color-text ); letter-spacing: 0.6px;\"><span style=\"color: #000000;\">Libertad\u00a0 \u00a0\u00a0<\/span><\/em><em style=\"background-color: transparent; color: var( --e-global-color-text ); letter-spacing: 0.6px;\"><span style=\"color: #000000;\">Igualdad\u00a0 \u00a0\u00a0<\/span><\/em><em style=\"background-color: transparent; color: var( --e-global-color-text ); letter-spacing: 0.6px;\"><span style=\"color: #000000;\">Fraternidad<\/span><\/em><\/p><p style=\"text-align: center;\"><em><span style=\"color: #000000;\"><span style=\"color: #000000;\">en funci\u00f3n de una sociedad humanista y laica<\/span><\/span><\/em><\/p>\t\t\t\t\t\t\t\t<\/div>\n\t\t\t\t<\/div>\n\t\t\t\t\t<\/div>\n\t\t<\/div>\n\t\t\t\t\t<\/div>\n\t\t<\/section>\n\t\t\t\t<section class=\"elementor-section elementor-top-section elementor-element elementor-element-7ebb028 elementor-section-boxed elementor-section-height-default elementor-section-height-default\" data-id=\"7ebb028\" data-element_type=\"section\">\n\t\t\t\t\t\t<div class=\"elementor-container elementor-column-gap-default\">\n\t\t\t\t\t<div class=\"elementor-column elementor-col-100 elementor-top-column elementor-element elementor-element-e9953e1\" data-id=\"e9953e1\" data-element_type=\"column\">\n\t\t\t<div class=\"elementor-widget-wrap elementor-element-populated\">\n\t\t\t\t\t\t<div class=\"elementor-element elementor-element-2dfd4f7 elementor-widget elementor-widget-text-editor\" data-id=\"2dfd4f7\" data-element_type=\"widget\" data-widget_type=\"text-editor.default\">\n\t\t\t\t<div class=\"elementor-widget-container\">\n\t\t\t\t\t\t\t\t\t<p>La\u00a0 Gran Logia Femenina de Bolivia, elige a sus miembros entre mujeres de esp\u00edritu libre sin distinciones sociales, econ\u00f3micas, creencias ni origen.<\/p>\t\t\t\t\t\t\t\t<\/div>\n\t\t\t\t<\/div>\n\t\t\t\t\t<\/div>\n\t\t<\/div>\n\t\t\t\t\t<\/div>\n\t\t<\/section>\n\t\t\t\t<section class=\"elementor-section elementor-top-section elementor-element elementor-element-af7bcd7 elementor-section-boxed elementor-section-height-default elementor-section-height-default\" data-id=\"af7bcd7\" data-element_type=\"section\">\n\t\t\t\t\t\t<div class=\"elementor-container elementor-column-gap-default\">\n\t\t\t\t\t<div class=\"elementor-column elementor-col-100 elementor-top-column elementor-element elementor-element-55352ff\" data-id=\"55352ff\" data-element_type=\"column\">\n\t\t\t<div class=\"elementor-widget-wrap elementor-element-populated\">\n\t\t\t\t\t\t<div class=\"elementor-element elementor-element-314b7ff elementor-widget elementor-widget-text-editor\" data-id=\"314b7ff\" data-element_type=\"widget\" data-widget_type=\"text-editor.default\">\n\t\t\t\t<div class=\"elementor-widget-container\">\n\t\t\t\t\t\t\t\t\t<p><strong><em>\u00bfPor que unirte a nosotras?<\/em><\/strong><\/p>\t\t\t\t\t\t\t\t<\/div>\n\t\t\t\t<\/div>\n\t\t\t\t\t<\/div>\n\t\t<\/div>\n\t\t\t\t\t<\/div>\n\t\t<\/section>\n\t\t\t\t<section class=\"elementor-section elementor-top-section elementor-element elementor-element-2a6840e elementor-section-boxed elementor-section-height-default elementor-section-height-default\" data-id=\"2a6840e\" data-element_type=\"section\">\n\t\t\t\t\t\t<div class=\"elementor-container elementor-column-gap-default\">\n\t\t\t\t\t<div class=\"elementor-column elementor-col-100 elementor-top-column elementor-element elementor-element-b62d205\" data-id=\"b62d205\" data-element_type=\"column\">\n\t\t\t<div class=\"elementor-widget-wrap elementor-element-populated\">\n\t\t\t\t\t\t<div class=\"elementor-element elementor-element-44160db elementor-widget elementor-widget-text-editor\" data-id=\"44160db\" data-element_type=\"widget\" data-widget_type=\"text-editor.default\">\n\t\t\t\t<div class=\"elementor-widget-container\">\n\t\t\t\t\t\t\t\t\t<p>Las respuestas son m\u00faltiples porque cada una de nosotras tiene su propio curso de vida.\u00a0Y todas, en un momento u otro, hemos sentido el deseo de dar una dimensi\u00f3n espiritual a nuestra vida. Quieres encontrar un lugar para descansar, un lugar tranquilo para reunirse y caminar con otras mujeres, tratar de responder preguntas metaf\u00edsicas, un lugar donde abordar los principales temas sociales lejos del tumulto de nuestra sociedad.\u00a0Como tu somos\u00a0mujeres de todos los \u00e1mbitos de la vida, culturas y or\u00edgenes. Mujeres en busca de la verdad y la justicia. libres y responsables que rechazan dogmas y pretensiones, conscientes de su potencial, que desean trabajar por una sociedad m\u00e1s igualitaria.<\/p>\t\t\t\t\t\t\t\t<\/div>\n\t\t\t\t<\/div>\n\t\t\t\t\t<\/div>\n\t\t<\/div>\n\t\t\t\t\t<\/div>\n\t\t<\/section>\n\t\t\t\t<section class=\"elementor-section elementor-top-section elementor-element elementor-element-76972ad elementor-section-boxed elementor-section-height-default elementor-section-height-default\" data-id=\"76972ad\" data-element_type=\"section\">\n\t\t\t\t\t\t<div class=\"elementor-container elementor-column-gap-default\">\n\t\t\t\t\t<div class=\"elementor-column elementor-col-100 elementor-top-column elementor-element elementor-element-8b9d517\" data-id=\"8b9d517\" data-element_type=\"column\">\n\t\t\t<div class=\"elementor-widget-wrap elementor-element-populated\">\n\t\t\t\t\t\t<div class=\"elementor-element elementor-element-a611070 elementor-widget elementor-widget-text-editor\" data-id=\"a611070\" data-element_type=\"widget\" data-widget_type=\"text-editor.default\">\n\t\t\t\t<div class=\"elementor-widget-container\">\n\t\t\t\t\t\t\t\t\t<p><span style=\"color: #000080;\"><i>\u00bfPor qu\u00e9<\/i><\/span><em><span style=\"color: #000080;\">\u00a0solo mujeres?<\/span><\/em><\/p>\t\t\t\t\t\t\t\t<\/div>\n\t\t\t\t<\/div>\n\t\t\t\t\t<\/div>\n\t\t<\/div>\n\t\t\t\t\t<\/div>\n\t\t<\/section>\n\t\t\t\t<section class=\"elementor-section elementor-top-section elementor-element elementor-element-5fca46d elementor-section-boxed elementor-section-height-default elementor-section-height-default\" data-id=\"5fca46d\" data-element_type=\"section\">\n\t\t\t\t\t\t<div class=\"elementor-container elementor-column-gap-default\">\n\t\t\t\t\t<div class=\"elementor-column elementor-col-100 elementor-top-column elementor-element elementor-element-474452d\" data-id=\"474452d\" data-element_type=\"column\">\n\t\t\t<div class=\"elementor-widget-wrap elementor-element-populated\">\n\t\t\t\t\t\t<div class=\"elementor-element elementor-element-46a97d8 elementor-widget elementor-widget-text-editor\" data-id=\"46a97d8\" data-element_type=\"widget\" data-widget_type=\"text-editor.default\">\n\t\t\t\t<div class=\"elementor-widget-container\">\n\t\t\t\t\t\t\t\t\t<p>En una sociedad patriarcal, las mujeres necesitamos espacios donde\u00a0 sentirnos segura y protegidas para reflexionar y ser sororas las unas con las otras, caminando por un mismo ideal de perfeccionamiento para contribuir a una sociedad mas justa.<\/p><p>\u00a0<\/p>\t\t\t\t\t\t\t\t<\/div>\n\t\t\t\t<\/div>\n\t\t\t\t\t<\/div>\n\t\t<\/div>\n\t\t\t\t\t<\/div>\n\t\t<\/section>\n\t\t\t\t<\/div>\n\t\t","protected":false},"excerpt":{"rendered":"<p>La Gran Logia Femenina de Bolivia es una instituci\u00f3n: &nbsp;Universal, inici\u00e1tica, Filos\u00f3fica, Filantr\u00f3pica. Los pilares sobre los que se levanta son:\u00a0 Libertad\u00a0 \u00a0\u00a0Igualdad\u00a0 \u00a0\u00a0Fraternidad en funci\u00f3n de una sociedad humanista y laica La\u00a0 Gran Logia Femenina de Bolivia, elige a sus miembros entre mujeres de esp\u00edritu libre sin distinciones sociales, econ\u00f3micas, creencias ni origen. \u00bfPor [&hellip;]<\/p>\n","protected":false},"author":1,"featured_media":110,"parent":0,"menu_order":0,"comment_status":"closed","ping_status":"closed","template":"elementor_theme","meta":{"footnotes":""},"class_list":["post-151","page","type-page","status-publish","has-post-thumbnail","hentry"],"_links":{"self":[{"href":"https:\/\/glfdb.org\/index.php?rest_route=\/wp\/v2\/pages\/151","targetHints":{"allow":["GET"]}}],"collection":[{"href":"https:\/\/glfdb.org\/index.php?rest_route=\/wp\/v2\/pages"}],"about":[{"href":"https:\/\/glfdb.org\/index.php?rest_route=\/wp\/v2\/types\/page"}],"author":[{"embeddable":true,"href":"https:\/\/glfdb.org\/index.php?rest_route=\/wp\/v2\/users\/1"}],"replies":[{"embeddable":true,"href":"https:\/\/glfdb.org\/index.php?rest_route=%2Fwp%2Fv2%2Fcomments&post=151"}],"version-history":[{"count":143,"href":"https:\/\/glfdb.org\/index.php?rest_route=\/wp\/v2\/pages\/151\/revisions"}],"predecessor-version":[{"id":772,"href":"https:\/\/glfdb.org\/index.php?rest_route=\/wp\/v2\/pages\/151\/revisions\/772"}],"wp:featuredmedia":[{"embeddable":true,"href":"https:\/\/glfdb.org\/index.php?rest_route=\/wp\/v2\/media\/110"}],"wp:attachment":[{"href":"https:\/\/glfdb.org\/index.php?rest_route=%2Fwp%2Fv2%2Fmedia&parent=151"}],"curies":[{"name":"wp","href":"https:\/\/api.w.org\/{rel}","templated":true}]}}