{"id":216,"date":"2021-10-04T22:09:52","date_gmt":"2021-10-04T22:09:52","guid":{"rendered":"http:\/\/localhost\/wordpress\/?page_id=216"},"modified":"2022-05-17T20:57:23","modified_gmt":"2022-05-18T00:57:23","slug":"nuestra-historia","status":"publish","type":"page","link":"https:\/\/glfdb.org\/?page_id=216","title":{"rendered":"NUESTRA HISTORIA"},"content":{"rendered":"\t\t<div data-elementor-type=\"wp-page\" data-elementor-id=\"216\" class=\"elementor elementor-216\">\n\t\t\t\t\t\t<section class=\"elementor-section elementor-top-section elementor-element elementor-element-3982c30 elementor-section-full_width elementor-section-height-min-height elementor-section-height-default elementor-section-items-middle\" data-id=\"3982c30\" data-element_type=\"section\" data-settings=\"{&quot;background_background&quot;:&quot;slideshow&quot;,&quot;background_slideshow_gallery&quot;:[{&quot;id&quot;:236,&quot;url&quot;:&quot;https:\\\/\\\/glfdb.org\\\/wp-content\\\/uploads\\\/2021\\\/10\\\/famaf2016.png&quot;},{&quot;id&quot;:412,&quot;url&quot;:&quot;https:\\\/\\\/glfdb.org\\\/wp-content\\\/uploads\\\/2021\\\/10\\\/IMG-20170721-WA0015.jpg&quot;}],&quot;background_slideshow_slide_duration&quot;:990,&quot;background_slideshow_transition_duration&quot;:900,&quot;animation&quot;:&quot;none&quot;,&quot;background_slideshow_loop&quot;:&quot;yes&quot;,&quot;background_slideshow_slide_transition&quot;:&quot;fade&quot;}\">\n\t\t\t\t\t\t<div class=\"elementor-container elementor-column-gap-default\">\n\t\t\t\t\t<div class=\"elementor-column elementor-col-100 elementor-top-column elementor-element elementor-element-506ab44\" data-id=\"506ab44\" data-element_type=\"column\">\n\t\t\t<div class=\"elementor-widget-wrap\">\n\t\t\t\t\t\t\t<\/div>\n\t\t<\/div>\n\t\t\t\t\t<\/div>\n\t\t<\/section>\n\t\t\t\t<section class=\"elementor-section elementor-top-section elementor-element elementor-element-6df5d2e elementor-section-boxed elementor-section-height-default elementor-section-height-default\" data-id=\"6df5d2e\" data-element_type=\"section\">\n\t\t\t\t\t\t<div class=\"elementor-container elementor-column-gap-default\">\n\t\t\t\t\t<div class=\"elementor-column elementor-col-100 elementor-top-column elementor-element elementor-element-d7697f0\" data-id=\"d7697f0\" data-element_type=\"column\">\n\t\t\t<div class=\"elementor-widget-wrap elementor-element-populated\">\n\t\t\t\t\t\t<div class=\"elementor-element elementor-element-5261e9d elementor-widget elementor-widget-heading\" data-id=\"5261e9d\" data-element_type=\"widget\" data-widget_type=\"heading.default\">\n\t\t\t\t<div class=\"elementor-widget-container\">\n\t\t\t\t\t<h1 class=\"elementor-heading-title elementor-size-default\">El camino de la Masoneria Femenina en Bolvia<\/h1>\t\t\t\t<\/div>\n\t\t\t\t<\/div>\n\t\t\t\t\t<\/div>\n\t\t<\/div>\n\t\t\t\t\t<\/div>\n\t\t<\/section>\n\t\t\t\t<section class=\"elementor-section elementor-top-section elementor-element elementor-element-6eb3f7e elementor-section-content-space-evenly elementor-section-boxed elementor-section-height-default elementor-section-height-default\" data-id=\"6eb3f7e\" data-element_type=\"section\">\n\t\t\t\t\t\t<div class=\"elementor-container elementor-column-gap-default\">\n\t\t\t\t\t<div class=\"elementor-column elementor-col-100 elementor-top-column elementor-element elementor-element-f6030d0\" data-id=\"f6030d0\" data-element_type=\"column\" data-settings=\"{&quot;background_background&quot;:&quot;gradient&quot;}\">\n\t\t\t<div class=\"elementor-widget-wrap elementor-element-populated\">\n\t\t\t\t\t\t<div class=\"elementor-element elementor-element-d26c98a elementor-widget elementor-widget-text-editor\" data-id=\"d26c98a\" data-element_type=\"widget\" data-widget_type=\"text-editor.default\">\n\t\t\t\t<div class=\"elementor-widget-container\">\n\t\t\t\t\t\t\t\t\t<p><em><span style=\"color: #000000;\">Con la finalidad de que la mujer Boliviana contribuya en la edificaci\u00f3n de un mundo m\u00e1s perfecto, aplicando los principios de igualdad, fraternidad y libertad, se trajo la luz mas\u00f3nica desde la Rep\u00fablica de Chile con una mujer inquieta que toco las puertas de la Respetable Logia Araucaria No1, habi\u00e9ndosele abierto para iniciarse el 8 de septiembre de 1990. A la misma le siguieron otros grupos de mujeres entre los a\u00f1os 1991 a 1994, quienes en viajes peri\u00f3dicos cruzaron la cordillera para recibir las ense\u00f1anzas mas\u00f3nicas para as\u00ed alcanzar los grados de segundo y tercero.<\/span><\/em><\/p>\t\t\t\t\t\t\t\t<\/div>\n\t\t\t\t<\/div>\n\t\t\t\t\t<\/div>\n\t\t<\/div>\n\t\t\t\t\t<\/div>\n\t\t<\/section>\n\t\t\t\t<section class=\"elementor-section elementor-top-section elementor-element elementor-element-fb85ae0 elementor-section-boxed elementor-section-height-default elementor-section-height-default\" data-id=\"fb85ae0\" data-element_type=\"section\">\n\t\t\t\t\t\t<div class=\"elementor-container elementor-column-gap-wide\">\n\t\t\t\t\t<div class=\"elementor-column elementor-col-33 elementor-top-column elementor-element elementor-element-5150d4d\" data-id=\"5150d4d\" data-element_type=\"column\">\n\t\t\t<div class=\"elementor-widget-wrap elementor-element-populated\">\n\t\t\t\t\t\t<div class=\"elementor-element elementor-element-c985db2 elementor-widget elementor-widget-image\" data-id=\"c985db2\" data-element_type=\"widget\" data-widget_type=\"image.default\">\n\t\t\t\t<div class=\"elementor-widget-container\">\n\t\t\t\t\t\t\t\t\t\t\t\t\t\t\t<img fetchpriority=\"high\" decoding=\"async\" width=\"741\" height=\"554\" src=\"https:\/\/glfdb.org\/wp-content\/uploads\/2021\/07\/LOGO-ANTAWARA.png\" class=\"attachment-large size-large wp-image-49\" alt=\"\" srcset=\"https:\/\/glfdb.org\/wp-content\/uploads\/2021\/07\/LOGO-ANTAWARA.png 741w, https:\/\/glfdb.org\/wp-content\/uploads\/2021\/07\/LOGO-ANTAWARA-300x224.png 300w\" sizes=\"(max-width: 741px) 100vw, 741px\" \/>\t\t\t\t\t\t\t\t\t\t\t\t\t\t\t<\/div>\n\t\t\t\t<\/div>\n\t\t\t\t\t<\/div>\n\t\t<\/div>\n\t\t\t\t<div class=\"elementor-column elementor-col-66 elementor-top-column elementor-element elementor-element-0c3fd14\" data-id=\"0c3fd14\" data-element_type=\"column\">\n\t\t\t<div class=\"elementor-widget-wrap elementor-element-populated\">\n\t\t\t\t\t\t<div class=\"elementor-element elementor-element-8960ef6 elementor-widget elementor-widget-text-editor\" data-id=\"8960ef6\" data-element_type=\"widget\" data-widget_type=\"text-editor.default\">\n\t\t\t\t<div class=\"elementor-widget-container\">\n\t\t\t\t\t\t\t\t\t<p><em><span style=\"color: #000000;\">Con esfuerzo y dedicaci\u00f3n del grupo de mujeres emprendedoras se cont\u00f3 con el n\u00famero de hermanas necesarias en tercer grado, para levantar columnas, por lo cual, el 15 de marzo de 1994, la Gran Logia Femenina de Chile autorizo el funcionamiento de la Logia en Instancia ANTAWARA .Despu\u00e9s de haber transcurrido el tiempo reglamentario y haber cumplido con los requisitos exigidos, el Consejo de Oficiales Gran Logia Femenina de Chile aprueba la petici\u00f3n de fundaci\u00f3n de la Respetable Logia ANTAWARA No. 7, fijando su Instalaci\u00f3n para el 4 de julio de 1994.<\/span><\/em><\/p>\t\t\t\t\t\t\t\t<\/div>\n\t\t\t\t<\/div>\n\t\t\t\t\t<\/div>\n\t\t<\/div>\n\t\t\t\t\t<\/div>\n\t\t<\/section>\n\t\t\t\t<section class=\"elementor-section elementor-top-section elementor-element elementor-element-399d40a elementor-section-boxed elementor-section-height-default elementor-section-height-default\" data-id=\"399d40a\" data-element_type=\"section\">\n\t\t\t\t\t\t<div class=\"elementor-container elementor-column-gap-wide\">\n\t\t\t\t\t<div class=\"elementor-column elementor-col-66 elementor-top-column elementor-element elementor-element-255d6a6\" data-id=\"255d6a6\" data-element_type=\"column\">\n\t\t\t<div class=\"elementor-widget-wrap elementor-element-populated\">\n\t\t\t\t\t\t<div class=\"elementor-element elementor-element-e629011 elementor-widget elementor-widget-text-editor\" data-id=\"e629011\" data-element_type=\"widget\" data-widget_type=\"text-editor.default\">\n\t\t\t\t<div class=\"elementor-widget-container\">\n\t\t\t\t\t\t\t\t\t<p><em><span style=\"color: #000000;\">Posteriormente transcurridos casi cuatro a\u00f1os de trabajo continuo, varias mujeres masonas decidieron desprenderse de su Logia Madre para formar una segunda Logia. La Respetable Logia Antawara No. 7, aceptando el pedido de sus hermanas solicito la autorizaci\u00f3n a la Gran Logia Femenina de Chile, como respuesta se recibi\u00f3 el Decreto No. 38 de 3 de marzo de 1998 autorizando la fundaci\u00f3n de la segunda Logia en Instancia LUZ DE LOS ANDES. Despu\u00e9s de trascurrido el tiempo de trabajo necesario, se pidi\u00f3 la Carta Constitutiva a la Gran Logia Femenina de Chile, la Gran Maestra traslad\u00e1ndose a Bolivia instal\u00f3 la segunda logia, levantando Columnas el 10 <\/span><span style=\"color: #000000;\">de septiembre de 1998 e instalando la oficialida<\/span><span style=\"color: #000000;\">d.<\/span><\/em><\/p>\t\t\t\t\t\t\t\t<\/div>\n\t\t\t\t<\/div>\n\t\t\t\t\t<\/div>\n\t\t<\/div>\n\t\t\t\t<div class=\"elementor-column elementor-col-33 elementor-top-column elementor-element elementor-element-07fa643\" data-id=\"07fa643\" data-element_type=\"column\">\n\t\t\t<div class=\"elementor-widget-wrap elementor-element-populated\">\n\t\t\t\t\t\t<div class=\"elementor-element elementor-element-8fdf3f5 elementor-widget elementor-widget-image\" data-id=\"8fdf3f5\" data-element_type=\"widget\" data-widget_type=\"image.default\">\n\t\t\t\t<div class=\"elementor-widget-container\">\n\t\t\t\t\t\t\t\t\t\t\t\t\t\t\t<img decoding=\"async\" width=\"715\" height=\"720\" src=\"https:\/\/glfdb.org\/wp-content\/uploads\/2021\/07\/LOGO-LUZ-DE-LOS-ANDES-Sin-Fondo-1.png\" class=\"attachment-large size-large wp-image-39\" alt=\"\" srcset=\"https:\/\/glfdb.org\/wp-content\/uploads\/2021\/07\/LOGO-LUZ-DE-LOS-ANDES-Sin-Fondo-1.png 715w, https:\/\/glfdb.org\/wp-content\/uploads\/2021\/07\/LOGO-LUZ-DE-LOS-ANDES-Sin-Fondo-1-298x300.png 298w, https:\/\/glfdb.org\/wp-content\/uploads\/2021\/07\/LOGO-LUZ-DE-LOS-ANDES-Sin-Fondo-1-150x150.png 150w\" sizes=\"(max-width: 715px) 100vw, 715px\" \/>\t\t\t\t\t\t\t\t\t\t\t\t\t\t\t<\/div>\n\t\t\t\t<\/div>\n\t\t\t\t\t<\/div>\n\t\t<\/div>\n\t\t\t\t\t<\/div>\n\t\t<\/section>\n\t\t\t\t<section class=\"elementor-section elementor-top-section elementor-element elementor-element-d61d999 elementor-section-boxed elementor-section-height-default elementor-section-height-default\" data-id=\"d61d999\" data-element_type=\"section\">\n\t\t\t\t\t\t<div class=\"elementor-container elementor-column-gap-wide\">\n\t\t\t\t\t<div class=\"elementor-column elementor-col-33 elementor-top-column elementor-element elementor-element-c5c2605\" data-id=\"c5c2605\" data-element_type=\"column\">\n\t\t\t<div class=\"elementor-widget-wrap elementor-element-populated\">\n\t\t\t\t\t\t<div class=\"elementor-element elementor-element-7582d39 elementor-widget elementor-widget-image\" data-id=\"7582d39\" data-element_type=\"widget\" data-widget_type=\"image.default\">\n\t\t\t\t<div class=\"elementor-widget-container\">\n\t\t\t\t\t\t\t\t\t\t\t\t\t\t\t<img decoding=\"async\" width=\"775\" height=\"1024\" src=\"https:\/\/glfdb.org\/wp-content\/uploads\/2021\/07\/julitas-775x1024.png\" class=\"attachment-large size-large wp-image-47\" alt=\"\" srcset=\"https:\/\/glfdb.org\/wp-content\/uploads\/2021\/07\/julitas-775x1024.png 775w, https:\/\/glfdb.org\/wp-content\/uploads\/2021\/07\/julitas-227x300.png 227w, https:\/\/glfdb.org\/wp-content\/uploads\/2021\/07\/julitas-768x1015.png 768w, https:\/\/glfdb.org\/wp-content\/uploads\/2021\/07\/julitas-1162x1536.png 1162w, https:\/\/glfdb.org\/wp-content\/uploads\/2021\/07\/julitas-1549x2048.png 1549w\" sizes=\"(max-width: 775px) 100vw, 775px\" \/>\t\t\t\t\t\t\t\t\t\t\t\t\t\t\t<\/div>\n\t\t\t\t<\/div>\n\t\t\t\t\t<\/div>\n\t\t<\/div>\n\t\t\t\t<div class=\"elementor-column elementor-col-66 elementor-top-column elementor-element elementor-element-0cad743\" data-id=\"0cad743\" data-element_type=\"column\">\n\t\t\t<div class=\"elementor-widget-wrap elementor-element-populated\">\n\t\t\t\t\t\t<div class=\"elementor-element elementor-element-39d2c5e elementor-widget elementor-widget-text-editor\" data-id=\"39d2c5e\" data-element_type=\"widget\" data-widget_type=\"text-editor.default\">\n\t\t\t\t<div class=\"elementor-widget-container\">\n\t\t\t\t\t\t\t\t\t<p>S<em><span style=\"color: #000000;\">in bajar la guardia las hermanas masonas siguen en el emprendimiento iniciado. Permanentemente la Gran Logia Femenina de Chile, visita el pa\u00eds trayendo las ense\u00f1anzas mas\u00f3nicas transmitiendo ese esp\u00edritu luchador, demostrando gran fervor y constancia se logra el levantamiento de columnas de la tercera Logia para lograr contar con las tres columnas fundamentales para levantar con ellas la Gran Logia Femenina de Bolivia.<\/span><\/em><\/p><p><span style=\"color: #000000;\"><em>Como mujeres luchadoras, con el compromiso personal contra\u00eddo, el esfuerzo mancomunado para concretar el objetivo de construir nuestra obediencia para difundir la luz mas\u00f3nica en Bolivia, con hermanas que se desprendieron de las dos logias instaladas en fecha 10 de abril de 2007, despu\u00e9s de haber trabajado en instancia, se instal\u00f3 la tercera logia JULITA BALLESTER No.<\/em> 21.<\/span><\/p>\t\t\t\t\t\t\t\t<\/div>\n\t\t\t\t<\/div>\n\t\t\t\t\t<\/div>\n\t\t<\/div>\n\t\t\t\t\t<\/div>\n\t\t<\/section>\n\t\t\t\t<section class=\"elementor-section elementor-top-section elementor-element elementor-element-dde5736 elementor-section-boxed elementor-section-height-default elementor-section-height-default\" data-id=\"dde5736\" data-element_type=\"section\">\n\t\t\t\t\t\t<div class=\"elementor-container elementor-column-gap-default\">\n\t\t\t\t\t<div class=\"elementor-column elementor-col-100 elementor-top-column elementor-element elementor-element-537f9aa\" data-id=\"537f9aa\" data-element_type=\"column\">\n\t\t\t<div class=\"elementor-widget-wrap elementor-element-populated\">\n\t\t\t\t\t\t<div class=\"elementor-element elementor-element-545b81b elementor-widget elementor-widget-text-editor\" data-id=\"545b81b\" data-element_type=\"widget\" data-widget_type=\"text-editor.default\">\n\t\t\t\t<div class=\"elementor-widget-container\">\n\t\t\t\t\t\t\t\t\t<p><em><span style=\"color: #000000;\">En Asamblea de las dos Logias instaladas y la Logia en Instancias se eligi\u00f3 por votaci\u00f3n a las queridas hermanas que ocuparan los cargos de Grandes Oficiales y Grandes Dignatarias. Y se acord\u00f3 solicitar a la Obediencia de Chile la Carta Patente y el decreto respectivo para fundar la Gran Logia Femenina de Bolivia, la que fue recibida con benepl\u00e1cito. Con gran alborozo se recibi\u00f3 a la Gran Oficialidad de la Gran Logia Femenina de Chile presidida por la Gran Maestra Nancy Mu\u00f1oz Miranda, quienes, en una ceremonia inolvidable y trascendental, consagraron el Templo provisional, levantaron Columnas de la Gran Logia Femenina de Bolivia y posesionaron a la primera Seren\u00edsima Gran Maestra.<\/span><\/em><\/p>\t\t\t\t\t\t\t\t<\/div>\n\t\t\t\t<\/div>\n\t\t\t\t\t<\/div>\n\t\t<\/div>\n\t\t\t\t\t<\/div>\n\t\t<\/section>\n\t\t\t\t<section class=\"elementor-section elementor-top-section elementor-element elementor-element-d2a4d99 elementor-section-boxed elementor-section-height-default elementor-section-height-default\" data-id=\"d2a4d99\" data-element_type=\"section\">\n\t\t\t\t\t\t<div class=\"elementor-container elementor-column-gap-default\">\n\t\t\t\t\t<div class=\"elementor-column elementor-col-100 elementor-top-column elementor-element elementor-element-307d874\" data-id=\"307d874\" data-element_type=\"column\">\n\t\t\t<div class=\"elementor-widget-wrap\">\n\t\t\t\t\t\t\t<\/div>\n\t\t<\/div>\n\t\t\t\t\t<\/div>\n\t\t<\/section>\n\t\t\t\t<section class=\"elementor-section elementor-top-section elementor-element elementor-element-693cca8 elementor-section-boxed elementor-section-height-default elementor-section-height-default\" data-id=\"693cca8\" data-element_type=\"section\">\n\t\t\t\t\t\t<div class=\"elementor-container elementor-column-gap-default\">\n\t\t\t\t\t<div class=\"elementor-column elementor-col-100 elementor-top-column elementor-element elementor-element-1202ae4\" data-id=\"1202ae4\" data-element_type=\"column\">\n\t\t\t<div class=\"elementor-widget-wrap elementor-element-populated\">\n\t\t\t\t\t\t<div class=\"elementor-element elementor-element-aac9d3a elementor-widget elementor-widget-text-editor\" data-id=\"aac9d3a\" data-element_type=\"widget\" data-widget_type=\"text-editor.default\">\n\t\t\t\t<div class=\"elementor-widget-container\">\n\t\t\t\t\t\t\t\t\t<p><em><span style=\"color: #000000;\">Desde abril de 2007, la Gran Logia Femenina de Bolivia abre sus puertas a mujeres que sean libres y de buenas costumbres, libres en el sentido de que tengan cerrada su mente al fanatismo; abierta a la tolerancia y el respecto por las ideas de todos los seres humanos, de buenas costumbres que se traduce en conductas sociales que la adepta debe demostrar en el medio en que se desarrolla.<\/span><\/em><\/p>\t\t\t\t\t\t\t\t<\/div>\n\t\t\t\t<\/div>\n\t\t\t\t<div class=\"elementor-element elementor-element-b65bcaa elementor-widget elementor-widget-image\" data-id=\"b65bcaa\" data-element_type=\"widget\" data-widget_type=\"image.default\">\n\t\t\t\t<div class=\"elementor-widget-container\">\n\t\t\t\t\t\t\t\t\t\t\t\t\t\t\t<img loading=\"lazy\" decoding=\"async\" width=\"300\" height=\"290\" src=\"https:\/\/glfdb.org\/wp-content\/uploads\/2022\/05\/logo_GLFDB_transparente-300x290.png\" class=\"attachment-medium size-medium wp-image-568\" alt=\"\" srcset=\"https:\/\/glfdb.org\/wp-content\/uploads\/2022\/05\/logo_GLFDB_transparente-300x290.png 300w, https:\/\/glfdb.org\/wp-content\/uploads\/2022\/05\/logo_GLFDB_transparente.png 551w\" sizes=\"(max-width: 300px) 100vw, 300px\" \/>\t\t\t\t\t\t\t\t\t\t\t\t\t\t\t<\/div>\n\t\t\t\t<\/div>\n\t\t\t\t\t<\/div>\n\t\t<\/div>\n\t\t\t\t\t<\/div>\n\t\t<\/section>\n\t\t\t\t<section class=\"elementor-section elementor-top-section elementor-element elementor-element-af09ea7 elementor-section-boxed elementor-section-height-default elementor-section-height-default\" data-id=\"af09ea7\" data-element_type=\"section\">\n\t\t\t\t\t\t<div class=\"elementor-container elementor-column-gap-wide\">\n\t\t\t\t\t<div class=\"elementor-column elementor-col-66 elementor-top-column elementor-element elementor-element-63ea064\" data-id=\"63ea064\" data-element_type=\"column\">\n\t\t\t<div class=\"elementor-widget-wrap elementor-element-populated\">\n\t\t\t\t\t\t<div class=\"elementor-element elementor-element-f5947f2 elementor-widget elementor-widget-text-editor\" data-id=\"f5947f2\" data-element_type=\"widget\" data-widget_type=\"text-editor.default\">\n\t\t\t\t<div class=\"elementor-widget-container\">\n\t\t\t\t\t\t\t\t\t<p><em><span style=\"color: #000000;\">A la Fecha la Gran Logia Femenina, al expandir la luz mas\u00f3nica en Bolivia, ha instalado la cuarta Logia en el Valle de Cochabamba, Respetable Logia Concordia Universal \u00abAdela Zamudio\u00bb, Instalada el 6 de abril de 2013. Asimismo, se tiene a la fecha un grupo de mujeres en la ciudad de Sucre que vienen trabajando para formar una nueva Logia.<\/span><\/em><\/p>\t\t\t\t\t\t\t\t<\/div>\n\t\t\t\t<\/div>\n\t\t\t\t\t<\/div>\n\t\t<\/div>\n\t\t\t\t<div class=\"elementor-column elementor-col-33 elementor-top-column elementor-element elementor-element-06dacd9\" data-id=\"06dacd9\" data-element_type=\"column\">\n\t\t\t<div class=\"elementor-widget-wrap elementor-element-populated\">\n\t\t\t\t\t\t<div class=\"elementor-element elementor-element-19807d9 elementor-widget elementor-widget-image\" data-id=\"19807d9\" data-element_type=\"widget\" data-widget_type=\"image.default\">\n\t\t\t\t<div class=\"elementor-widget-container\">\n\t\t\t\t\t\t\t\t\t\t\t\t\t\t\t<img loading=\"lazy\" decoding=\"async\" width=\"800\" height=\"798\" src=\"https:\/\/glfdb.org\/wp-content\/uploads\/2021\/07\/LOGO-CONCORDIA-1024x1022.png\" class=\"attachment-large size-large wp-image-46\" alt=\"\" srcset=\"https:\/\/glfdb.org\/wp-content\/uploads\/2021\/07\/LOGO-CONCORDIA-1024x1022.png 1024w, https:\/\/glfdb.org\/wp-content\/uploads\/2021\/07\/LOGO-CONCORDIA-300x300.png 300w, https:\/\/glfdb.org\/wp-content\/uploads\/2021\/07\/LOGO-CONCORDIA-150x150.png 150w, https:\/\/glfdb.org\/wp-content\/uploads\/2021\/07\/LOGO-CONCORDIA-768x767.png 768w, https:\/\/glfdb.org\/wp-content\/uploads\/2021\/07\/LOGO-CONCORDIA-1536x1533.png 1536w, https:\/\/glfdb.org\/wp-content\/uploads\/2021\/07\/LOGO-CONCORDIA-2048x2044.png 2048w\" sizes=\"(max-width: 800px) 100vw, 800px\" \/>\t\t\t\t\t\t\t\t\t\t\t\t\t\t\t<\/div>\n\t\t\t\t<\/div>\n\t\t\t\t\t<\/div>\n\t\t<\/div>\n\t\t\t\t\t<\/div>\n\t\t<\/section>\n\t\t\t\t<section class=\"elementor-section elementor-top-section elementor-element elementor-element-6c468ea elementor-section-boxed elementor-section-height-default elementor-section-height-default\" data-id=\"6c468ea\" data-element_type=\"section\">\n\t\t\t\t\t\t<div class=\"elementor-container elementor-column-gap-default\">\n\t\t\t\t\t<div class=\"elementor-column elementor-col-100 elementor-top-column elementor-element elementor-element-8d24848\" data-id=\"8d24848\" data-element_type=\"column\">\n\t\t\t<div class=\"elementor-widget-wrap elementor-element-populated\">\n\t\t\t\t\t\t<div class=\"elementor-element elementor-element-c996f85 elementor-widget elementor-widget-text-editor\" data-id=\"c996f85\" data-element_type=\"widget\" data-widget_type=\"text-editor.default\">\n\t\t\t\t<div class=\"elementor-widget-container\">\n\t\t\t\t\t\t\t\t\t<p><em><span style=\"color: #000000;\">La Gran Logia Femenina de Bolivia como organizaci\u00f3n cuenta con reconocimiento del Estado Plurinacional de Bolivia al habernos otorgado la Personer\u00eda Jur\u00eddica en enero de 2010, como instituci\u00f3n constituida legalmente en el pa\u00eds que tiene un cuerpo legal que es la Constituci\u00f3n y su Reglamento, contando tambi\u00e9n con el Manual de Funciones y de Protocolo Mas\u00f3nico.<\/span><\/em><\/p>\t\t\t\t\t\t\t\t<\/div>\n\t\t\t\t<\/div>\n\t\t\t\t\t<\/div>\n\t\t<\/div>\n\t\t\t\t\t<\/div>\n\t\t<\/section>\n\t\t\t\t<\/div>\n\t\t","protected":false},"excerpt":{"rendered":"<p>El camino de la Masoneria Femenina en Bolvia Con la finalidad de que la mujer Boliviana contribuya en la edificaci\u00f3n de un mundo m\u00e1s perfecto, aplicando los principios de igualdad, fraternidad y libertad, se trajo la luz mas\u00f3nica desde la Rep\u00fablica de Chile con una mujer inquieta que toco las puertas de la Respetable Logia [&hellip;]<\/p>\n","protected":false},"author":1,"featured_media":110,"parent":0,"menu_order":0,"comment_status":"closed","ping_status":"closed","template":"","meta":{"footnotes":""},"class_list":["post-216","page","type-page","status-publish","has-post-thumbnail","hentry"],"_links":{"self":[{"href":"https:\/\/glfdb.org\/index.php?rest_route=\/wp\/v2\/pages\/216","targetHints":{"allow":["GET"]}}],"collection":[{"href":"https:\/\/glfdb.org\/index.php?rest_route=\/wp\/v2\/pages"}],"about":[{"href":"https:\/\/glfdb.org\/index.php?rest_route=\/wp\/v2\/types\/page"}],"author":[{"embeddable":true,"href":"https:\/\/glfdb.org\/index.php?rest_route=\/wp\/v2\/users\/1"}],"replies":[{"embeddable":true,"href":"https:\/\/glfdb.org\/index.php?rest_route=%2Fwp%2Fv2%2Fcomments&post=216"}],"version-history":[{"count":113,"href":"https:\/\/glfdb.org\/index.php?rest_route=\/wp\/v2\/pages\/216\/revisions"}],"predecessor-version":[{"id":757,"href":"https:\/\/glfdb.org\/index.php?rest_route=\/wp\/v2\/pages\/216\/revisions\/757"}],"wp:featuredmedia":[{"embeddable":true,"href":"https:\/\/glfdb.org\/index.php?rest_route=\/wp\/v2\/media\/110"}],"wp:attachment":[{"href":"https:\/\/glfdb.org\/index.php?rest_route=%2Fwp%2Fv2%2Fmedia&parent=216"}],"curies":[{"name":"wp","href":"https:\/\/api.w.org\/{rel}","templated":true}]}}